58 a factor of 62884?
True
Does 170 divide 10235?
False
Is 19928 a multiple of 14?
False
Is 7524 a multiple of 20?
False
Is 29 a factor of 29029?
True
Does 14 divide 970?
False
Is 31 a multiple of 31?
True
Does 12 divide 431?
False
Is 1944 a multiple of 6?
True
Is 11 a factor of 187?
True
Does 39 divide 975?
True
Does 57 divide 1140?
True
Is 1081 a multiple of 23?
True
Is 23 a factor of 1081?
True
Is 5 a factor of 50?
True
Is 27 a factor of 257?
False
Is 7 a factor of 1673?
True
Is 15480 a multiple of 10?
True
Is 11 a factor of 583?
True
Is 560 a multiple of 30?
False
Does 39 divide 2496?
True
Is 17 a factor of 3157?
False
Is 4 a factor of 118?
False
Is 71 a multiple of 60?
False
Is 1169 a multiple of 56?
False
Is 2542 a multiple of 31?
True
Is 64 a factor of 8832?
True
Is 9 a factor of 1654?
False
Does 55 divide 550?
True
Does 2 divide 148?
True
Does 31 divide 4556?
False
Is 3 a factor of 553?
False
Is 6 a factor of 1218?
True
Is 18 a factor of 23443?
False
Is 18 a factor of 6678?
True
Is 62 a factor of 858?
False
Is 39 a factor of 1215?
False
Is 32 a multiple of 4?
True
Is 1861 a multiple of 12?
False
Is 8 a factor of 168?
True
Is 32 a factor of 13387?
False
Does 10 divide 33043?
False
Does 17 divide 1124?
False
Is 10992 a multiple of 13?
False
Does 236 divide 22656?
True
Is 112 a factor of 1433?
False
Is 19 a factor of 2396?
False
Is 15046 a multiple of 41?
False
Does 3 divide 945?
True
Does 76 divide 9426?
False
Does 20 divide 8300?
True
Is 555 a multiple of 34?
False
Does 195 divide 23790?
True
Does 13 divide 10129?
False
Does 117 divide 197?
False
Is 1606 a multiple of 54?
False
Does 13 divide 70413?
False
Is 70 a factor of 1330?
True
Is 30 a factor of 6900?
True
Is 41 a factor of 1886?
True
Does 7 divide 1128?
False
Does 104 divide 1040?
True
Does 151 divide 37015?
False
Does 25 divide 1624?
False
Is 1720 a multiple of 18?
False
Is 12 a factor of 186?
False
Is 450 a multiple of 25?
True
Is 1275 a multiple of 51?
True
Is 4 a factor of 810?
False
Does 24 divide 6226?
False
Is 305 a multiple of 6?
False
Is 24 a factor of 200?
False
Is 50 a factor of 1742?
False
Is 3 a factor of 228?
True
Is 55432 a multiple of 82?
True
Does 46 divide 1668?
False
Does 18 divide 28386?
True
Is 5 a factor of 130?
True
Is 5 a factor of 580?
True
Is 48467 a multiple of 62?
False
Is 3451 a multiple of 17?
True
Is 841 a multiple of 2?
False
Does 162 divide 41472?
True
Is 128040 a multiple of 110?
True
Is 173 a factor of 3460?
True
Is 14 a factor of 2646?
True
Is 117047 a multiple of 71?
False
Is 2035 a multiple of 4?
False
Does 30 divide 300?
True
Is 3 a factor of 252?
True
Is 47 a factor of 94?
True
Is 40 a factor of 520?
True
Is 5575 a multiple of 51?
False
Is 8 a factor of 736?
True
Does 64 divide 1472?
True
Does 12 divide 1457?
False
Is 49 a factor of 3425?
False
Is 18 a factor of 199?
False
Does 17 divide 42415?
True
Does 57 divide 9519?
True
Does 38 divide 161874?
False
Does 12 divide 1812?
True
Does 5 divide 854?
False
Is 2 a factor of 10038?
True
Is 5670 a multiple of 6?
True
Does 12 divide 1596?
True
Does 3 divide 136?
False
Does 111 divide 19536?
True
Is 13 a factor of 11317?
False
Is 1605 a multiple of 30?
False
Is 10075 a multiple of 99?
False
Is 232 a multiple of 3?
False
Is 21470 a multiple of 113?
True
Is 858 a multiple of 6?
True
Is 33807 a multiple of 229?
False
Is 21 a factor of 13279?
False
Does 13 divide 683?
False
Is 3 a factor of 138?
True
Is 84 a factor of 5124?
True
Does 11 divide 1133?
True
Is 89 a factor of 24653?
True
Is 1904 a multiple of 56?
True
Does 6 divide 75?
False
Is 14 a factor of 2501?
False
Is 30663 a multiple of 52?
False
Is 11 a factor of 5137?
True
Is 68 a factor of 6813?
False
Does 21 divide 40446?
True
Is 6066 a multiple of 25?
False
Does 44 divide 37532?
True
Is 57 a factor of 51947?
False
Is 146 a multiple of 10?
False
Is 22442 a multiple of 49?
True
Is 2380 a multiple of 34?
True
Is 2882 a multiple of 17?
False
Is 27 a factor of 84537?
True
Is 7874 a multiple of 73?
False
Is 37 a factor of 822?
False
Is 1952 a multiple of 8?
True
Does 16 divide 2625?
False
Is 15 a factor of 8415?
True
Is 644 a multiple of 23?
True
Is 1003 a multiple of 14?
False
Does 2 divide 645?
False
Does 10 divide 3097?
False
Does 6 divide 16602?
True
Does 34 divide 617?
False
Is 15 a factor of 3930?
True
Does 187 divide 1496?
True
Is 355 a multiple of 28?
False
Is 31 a factor of 1180?
False
Is 46 a factor of 12023?
False
Is 172 a multiple of 8?
False
Is 15 a factor of 12664?
False
Is 6724 a multiple of 39?
False
Does 27 divide 61950?
False
Is 954 a multiple of 74?
False
Does 31 divide 3801?
False
Is 231 a factor of 34868?
False
Is 13 a factor of 10673?
True
Does 17 divide 2464?
False
Is 614 a multiple of 9?
False
Does 49 divide 8869?
True
Is 4 a factor of 690?
False
Is 2940 a multiple of 21?
True
Is 312 a multiple of 13?
True
Is 17 a factor of 1972?
True
Is 7152 a multiple of 48?
True
Is 1188 a multiple of 19?
False
Does 10 divide 1410?
True
Does 3 divide 7189?
False
Is 4935 a multiple of 10?
False
Is 47 a factor of 3619?
True
Does 14 divide 136112?
False
Does 12 divide 432?
True
Is 7 a factor of 5845?
True
Is 14052 a multiple of 3?
True
Is 3 a factor of 177?
True
Is 105 a factor of 4515?
True
Is 36 a factor of 2259?
False
Is 31 a factor of 10673?
False
Is 1064 a multiple of 87?
False
Is 37 a factor of 17024?
False
Is 7 a factor of 34908?
False
Is 68 a factor of 9691?
False
Does 61 divide 233?
False
Is 5 a factor of 305?
True
Is 25 a factor of 836?
False
Does 122 divide 3623?
False
Is 9 a factor of 778?
False
Does 76 divide 1444?
True
Does 21 divide 987?
True
Is 15252 a multiple of 164?
True
Is 6 a factor of 428?
False
Is 41 a factor of 1197?
False
Is 1010 a multiple of 101?
True
Does 34 divide 17525?
False
Is 847 a multiple of 18?
False
Is 49 a factor of 1078?
True
Is 23 a factor of 2070?
True
Is 102 a factor of 19278?
True
Is 6203 a multiple of 82?
False
Is 775 a multiple of 25?
True
Is 10 a factor of 327?
False
Does 87 divide 3915?
True
Does 64 divide 64?
True
Is 2285 a multiple of 121?
False
Does 4 divide 2116?
True
Does 14 divide 1176?
True
Does 3 divide 84?
True
Is 248 a factor of 26288?
True
Is 646 a multiple of 34?
True
Does 23 divide 1041?
False
Is 80 a factor of 2541?
False
Is 35 a factor of 24465?
True
Does 33 divide 10296?
True
Does 10 divide 16318?
False
Is 7752 a multiple of 114?
True
Is 195 a factor of 29677?
False
Does 21 divide 24369?
False
Is 1496 a multiple of 52?
False
Is 34 a factor of 77010?
True
Is 6738 a multiple of 77?
False
Is 138204 a multiple of 36?
True
Is 45 a factor of 10445?
False
Does 5 divide 47290?
True
Does 17 divide 204?
True
Is 42 a factor of 34986?
True
Does 31 divide 24773?
False
Does 57 divide 1425?
True
Is 176 a multiple of 16?
True
Is 5 a factor of 20080?
True
Does 7 divide 119?
True
Is 17 a factor of 233?
False
Does 263 divide 53992?
False
Is 118 a factor of 18290?
True
Is 14625 a multiple of 32?
False
Is 69 a factor of 2484?
True
Does 28 divide 224?
True
Is 8788 a multiple of 36?
False
Is 8316 a multiple of 28?
True
Does 85 divide 5610?
True
Is 7 a factor of 238?
True
Is 32064 a multiple of 12?
True
Is 4732 a multiple of 28?
True
Is 8 a factor of 105?
False
Is 40967 a multiple of 46?
False
Is 168 a multiple of 12?
True
Is 177 a factor of 13942?
False
Is 111 a factor of 6875?
False
Does 50 divide 499?
False
Does 29 divide 1210?
False
Does 24 divide 3672?
True
Does 18 divide 8262?
True
Is 39 a factor of 10296?
True
Does 59 divide 16874?
True
Is 12 a factor of 3675?
False
Is 720 a multiple of 36?
True
Is 57 a factor of 30267?
True
Is 8198 even?
True
Is 64 a factor of 9984?
True
Does 9 divide 10017?
True
Is 199 a multiple of 25?
False
Is 10 a factor of 2840?
True
Is 633 a multiple of 20?
False
Does 8 divide 350?
False
Is 9 a factor of 7599?
False
Does 13 divide 631?
False
Does 49 divide 6566?
True
Is 196 a multiple of 4?
True
Does 8 divide 740?
False
Is 4514 a multiple of 61?
True
Does 7 divide 266?
True
Is 372 a multiple of 12?
True
Does 15 divide 9584?
False
Is 1989 a multiple of 39?
True
Is 4419 a multiple of 113?
False
Does 10 divide 6730?
True
Does 312 divide 22152?
True
Is 8 a factor of 680?
True
Does 15 divide 3705?
True
Is 280 a multiple of 10?
True
Is 59 a factor of 5959?
True
Is 84 a factor 